{"id":1113,"date":"2023-03-08T14:26:57","date_gmt":"2023-03-08T13:26:57","guid":{"rendered":"http:\/\/spc.msspctu.cz\/wordpress\/?page_id=1113"},"modified":"2024-04-18T09:36:37","modified_gmt":"2024-04-18T07:36:37","slug":"rozvoj-socialnich-dovednosti","status":"publish","type":"page","link":"http:\/\/spc.msspctu.cz\/wordpress\/rozvoj-socialnich-dovednosti\/","title":{"rendered":"Rozvoj soci\u00e1ln\u00edch dovednost\u00ed"},"content":{"rendered":"\n<p class=\"has-text-align-center\"><strong>Krou\u017eek soci\u00e1ln\u00edch a komunika\u010dn\u00edch dovednost\u00ed pro d\u011bti s poruchou autistick\u00e9ho spektra<\/strong><\/p>\n\n\n\n<p class=\"has-text-align-center\">D\u011bti s&nbsp;poruchou autistick\u00e9ho spektra m\u00edvaj\u00ed \u010dasto obt\u00ed\u017ee s&nbsp;porozum\u011bn\u00edm nejr\u016fzn\u011bj\u0161\u00edm soci\u00e1ln\u00edm situac\u00edm, neudr\u017euj\u00ed o\u010dn\u00ed kontakt, nereaguj\u00ed na osloven\u00ed, pot\u0159ebuj\u00ed pomoc ve zpracov\u00e1n\u00ed sv\u00fdch emoc\u00ed a s rozvojem komunika\u010dn\u00edch dovednost\u00ed, maj\u00ed r\u00e1di \u0159\u00e1d a jsou rozlad\u011bni z&nbsp;nep\u0159edv\u00eddatelnosti.<\/p>\n\n\n\n<p class=\"has-text-align-center\">Skupinov\u00fd n\u00e1cvik soci\u00e1ln\u00edch a komunika\u010dn\u00edch dovednost\u00ed\u00a0<strong>hravou formou rozv\u00edj\u00ed d\u011bti s PAS<\/strong>\u00a0v\u00a0popisovan\u00fdch oblastech.  N\u00e1cvik je ur\u010den pro\u00a0<strong>d\u011bti p\u0159ed\u0161koln\u00ed<\/strong>\u00a0a<strong>\u00a0d\u011bti mlad\u0161\u00edho \u0161koln\u00edho v\u011bku<\/strong>. Upozor\u0148ujeme rodi\u010de, \u017ee m\u00edsta jsou pln\u011b vyhrazena <strong>pro klienty SPC<\/strong>! Informujte se o voln\u00fdch m\u00edstech. D\u011bkujeme za pochopen\u00ed.<\/p>\n\n\n\n<p class=\"has-text-align-center\"><strong>Kontakty:<\/strong> Mgr. Lenka Chrtkov\u00e1 &#8211; 607 209 780, chrtkova@msspctu.cz<\/p>\n\n\n\n<p><span class=\"has-inline-color has-white-color\">jjj<\/span><\/p>\n\n\n\n<div class=\"wp-block-image\"><figure class=\"aligncenter size-large\"><img loading=\"lazy\" width=\"720\" height=\"1024\" src=\"http:\/\/spc.msspctu.cz\/wordpress\/wp-content\/uploads\/2023\/03\/Letak-rozvoj-1-720x1024.png\" alt=\"\" class=\"wp-image-1117\" srcset=\"http:\/\/spc.msspctu.cz\/wordpress\/wp-content\/uploads\/2023\/03\/Letak-rozvoj-1-720x1024.png 720w, http:\/\/spc.msspctu.cz\/wordpress\/wp-content\/uploads\/2023\/03\/Letak-rozvoj-1-211x300.png 211w, http:\/\/spc.msspctu.cz\/wordpress\/wp-content\/uploads\/2023\/03\/Letak-rozvoj-1.png 757w\" sizes=\"(max-width: 720px) 100vw, 720px\" \/><\/figure><\/div>\n","protected":false},"excerpt":{"rendered":"<p>Krou\u017eek soci\u00e1ln\u00edch a komunika\u010dn\u00edch dovednost\u00ed pro d\u011bti s poruchou autistick\u00e9ho spektra D\u011bti s&nbsp;poruchou autistick\u00e9ho spektra m\u00edvaj\u00ed \u010dasto obt\u00ed\u017ee s&nbsp;porozum\u011bn\u00edm nejr\u016fzn\u011bj\u0161\u00edm &hellip; <\/p>\n","protected":false},"author":1,"featured_media":0,"parent":0,"menu_order":0,"comment_status":"closed","ping_status":"closed","template":"","meta":{"_jet_sm_ready_style":"","_jet_sm_style":"","_jet_sm_controls_values":"","_jet_sm_fonts_collection":"","_jet_sm_fonts_links":""},"_links":{"self":[{"href":"http:\/\/spc.msspctu.cz\/wordpress\/wp-json\/wp\/v2\/pages\/1113"}],"collection":[{"href":"http:\/\/spc.msspctu.cz\/wordpress\/wp-json\/wp\/v2\/pages"}],"about":[{"href":"http:\/\/spc.msspctu.cz\/wordpress\/wp-json\/wp\/v2\/types\/page"}],"author":[{"embeddable":true,"href":"http:\/\/spc.msspctu.cz\/wordpress\/wp-json\/wp\/v2\/users\/1"}],"replies":[{"embeddable":true,"href":"http:\/\/spc.msspctu.cz\/wordpress\/wp-json\/wp\/v2\/comments?post=1113"}],"version-history":[{"count":7,"href":"http:\/\/spc.msspctu.cz\/wordpress\/wp-json\/wp\/v2\/pages\/1113\/revisions"}],"predecessor-version":[{"id":1305,"href":"http:\/\/spc.msspctu.cz\/wordpress\/wp-json\/wp\/v2\/pages\/1113\/revisions\/1305"}],"wp:attachment":[{"href":"http:\/\/spc.msspctu.cz\/wordpress\/wp-json\/wp\/v2\/media?parent=1113"}],"curies":[{"name":"wp","href":"https:\/\/api.w.org\/{rel}","templated":true}]}}