{"id":360,"date":"2021-11-04T11:58:43","date_gmt":"2021-11-04T10:58:43","guid":{"rendered":"http:\/\/192.168.1.240\/wordpress\/?page_id=360"},"modified":"2021-12-02T11:56:47","modified_gmt":"2021-12-02T10:56:47","slug":"objednani","status":"publish","type":"page","link":"http:\/\/spc.msspctu.cz\/wordpress\/objednani\/","title":{"rendered":"Objedn\u00e1n\u00ed"},"content":{"rendered":"\n<p style=\"font-size:18px\">Objednat se lze:<\/p>\n\n\n\n<ul style=\"font-size:18px\"><li>telefonicky na \u010d\u00edsle 731 582 421<\/li><li>prost\u0159ednictv\u00edm e-mailu <a href=\"mailto:spc.tu@centrum.cz\">spc.tu@centrum.cz<\/a><\/li><li>pomoc\u00ed <a href=\"http:\/\/spc.msspctu.cz\/wordpress\/online-zadost-o-vysetreni-2\/\">objedn\u00e1vac\u00edho formul\u00e1\u0159e<\/a><\/li><li>osobn\u011b v <a href=\"http:\/\/spc.msspctu.cz\/wordpress\/kudy-k-nam\/\">SPC<\/a><\/li><\/ul>\n\n\n\n<p>D\u00edt\u011b k&nbsp;vy\u0161et\u0159en\u00ed objedn\u00e1v\u00e1 z\u00e1konn\u00fd z\u00e1stupce, p\u0159\u00edpadn\u011b se objedn\u00e1v\u00e1 s\u00e1m zletil\u00fd \u017e\u00e1k.<\/p>\n\n\n\n<p>P\u0159i objedn\u00e1vce, pros\u00edm, uve\u010fte <strong>z\u00e1kladn\u00ed informace<\/strong> (jm\u00e9no a p\u0159\u00edjmen\u00ed, datum narozen\u00ed, kontaktn\u00ed \u00fadaje, n\u00e1zev \u0161koly), <strong>d\u016fvod \u017e\u00e1dosti<\/strong> o vy\u0161et\u0159en\u00ed (vlastn\u00edmi slovy popi\u0161te pozorovan\u00e9 obt\u00ed\u017ee a projevy d\u00edt\u011bte) a nezapome\u0148te zm\u00ednit, zda Va\u0161e d\u00edt\u011b nav\u0161t\u00edvilo \u010di pravideln\u011b <strong>nav\u0161t\u011bvuje n\u011bjak\u00e9ho odborn\u00edka<\/strong> (logoped, psycholog, neurolog atd.).<\/p>\n\n\n\n<p>Pokud objedn\u00e1v\u00e1te d\u00edt\u011b, kter\u00e9 je <strong>ve st\u0159\u00eddav\u00e9 p\u00e9\u010di<\/strong> rodi\u010d\u016f nebo <strong>v&nbsp;p\u011bstounsk\u00e9<\/strong> <strong>p\u00e9\u010di<\/strong>, sd\u011blte n\u00e1m tuto informaci, pros\u00edm, ji\u017e p\u0159i objedn\u00e1n\u00ed.<\/p>\n\n\n\n<p>Klient\u016fm je poskytov\u00e1n nejbli\u017e\u0161\u00ed voln\u00fd term\u00edn, nejpozd\u011bji v\u0161ak do 90 dn\u016f od obdr\u017een\u00ed \u017e\u00e1dosti. Konkr\u00e9tn\u00ed datum a \u010das vy\u0161et\u0159en\u00ed V\u00e1m telefonicky sd\u011bl\u00ed p\u0159\u00edslu\u0161n\u00fd pracovn\u00edk. Doba \u010dek\u00e1n\u00ed na vhodn\u00fd term\u00edn se m\u016f\u017ee li\u0161it, proto dbejte na v\u010dasn\u00e9 objedn\u00e1n\u00ed (zvl\u00e1\u0161\u0165 pokud vyd\u00e1n\u00ed doporu\u010den\u00ed pot\u0159ebujete k&nbsp;ur\u010dit\u00e9mu datu). <strong>Je vhodn\u00e9 volat 2\u20133 m\u011bs\u00edce p\u0159edem.<\/strong><\/p>\n\n\n\n<p>Pokud V\u00e1m dohodnut\u00fd \u010das vy\u0161et\u0159en\u00ed z&nbsp;v\u00e1\u017en\u00e9ho d\u016fvodu nevyhovuje, dejte tento fakt v&nbsp;p\u0159edstihu v\u011bd\u011bt administrativn\u00ed pracovnici. Co nejd\u0159\u00edve budete kontaktov\u00e1ni s&nbsp;n\u00e1vrhem nov\u00e9ho term\u00ednu.<\/p>\n","protected":false},"excerpt":{"rendered":"<p>Objednat se lze: telefonicky na \u010d\u00edsle 731 582 421 prost\u0159ednictv\u00edm e-mailu spc.tu@centrum.cz pomoc\u00ed objedn\u00e1vac\u00edho formul\u00e1\u0159e osobn\u011b v SPC D\u00edt\u011b k&nbsp;vy\u0161et\u0159en\u00ed &hellip; <\/p>\n","protected":false},"author":1,"featured_media":0,"parent":0,"menu_order":0,"comment_status":"closed","ping_status":"closed","template":"","meta":{"_jet_sm_ready_style":"","_jet_sm_style":"","_jet_sm_controls_values":"","_jet_sm_fonts_collection":"","_jet_sm_fonts_links":""},"_links":{"self":[{"href":"http:\/\/spc.msspctu.cz\/wordpress\/wp-json\/wp\/v2\/pages\/360"}],"collection":[{"href":"http:\/\/spc.msspctu.cz\/wordpress\/wp-json\/wp\/v2\/pages"}],"about":[{"href":"http:\/\/spc.msspctu.cz\/wordpress\/wp-json\/wp\/v2\/types\/page"}],"author":[{"embeddable":true,"href":"http:\/\/spc.msspctu.cz\/wordpress\/wp-json\/wp\/v2\/users\/1"}],"replies":[{"embeddable":true,"href":"http:\/\/spc.msspctu.cz\/wordpress\/wp-json\/wp\/v2\/comments?post=360"}],"version-history":[{"count":24,"href":"http:\/\/spc.msspctu.cz\/wordpress\/wp-json\/wp\/v2\/pages\/360\/revisions"}],"predecessor-version":[{"id":698,"href":"http:\/\/spc.msspctu.cz\/wordpress\/wp-json\/wp\/v2\/pages\/360\/revisions\/698"}],"wp:attachment":[{"href":"http:\/\/spc.msspctu.cz\/wordpress\/wp-json\/wp\/v2\/media?parent=360"}],"curies":[{"name":"wp","href":"https:\/\/api.w.org\/{rel}","templated":true}]}}