{"id":445,"date":"2021-11-05T09:26:40","date_gmt":"2021-11-05T08:26:40","guid":{"rendered":"http:\/\/192.168.1.240\/wordpress\/?page_id=445"},"modified":"2022-10-26T12:09:11","modified_gmt":"2022-10-26T10:09:11","slug":"prubeh-vysetreni","status":"publish","type":"page","link":"http:\/\/spc.msspctu.cz\/wordpress\/prubeh-vysetreni\/","title":{"rendered":"Pr\u016fb\u011bh vy\u0161et\u0159en\u00ed"},"content":{"rendered":"\n<p>Po p\u0159\u00edchodu do SPC se pros\u00edm nahlaste v kancel\u00e1\u0159i p\u0159\u00edjmu (m\u00edstnost \u010d. 204, nach\u00e1z\u00ed se po va\u0161\u00ed lev\u00e9 ruce naproti odborn\u00fdm pracovn\u00e1m, kancel\u00e1\u0159 m\u00e1 velk\u00e9 prosklen\u00e9 dve\u0159e).  N\u00e1sledn\u011b budete usazeni v \u010dek\u00e1rn\u011b, kde si v\u00e1s  vyzvedne odborn\u00fd pracovn\u00edk, ke kter\u00e9mu jste objednan\u00ed. Nejd\u0159\u00edve prob\u011bhne kr\u00e1tk\u00fd \u00favodn\u00ed rozhovor (up\u0159esn\u011bn\u00ed d\u016fvodu \u017e\u00e1dosti o vy\u0161et\u0159en\u00ed, popis obt\u00ed\u017e\u00ed, z\u00e1kladn\u00ed informace o d\u00edt\u011bti apod.). P\u0159ed vy\u0161et\u0159en\u00edm je nutn\u00e9 podepsat Informovan\u00fd souhlas s poskytnut\u00edm poradensk\u00e9 slu\u017eby a se zpracov\u00e1n\u00edm a uchov\u00e1n\u00edm osobn\u00edch \u00fadaj\u016f (k nahl\u00e9dnut\u00ed v sekci <a href=\"http:\/\/spc.msspctu.cz\/wordpress\/dokumenty-ke-stazeni\/\">Dokumenty ke sta\u017een\u00ed<\/a>).<\/p>\n\n\n\n<p>N\u00e1sleduje samotn\u00e9 vy\u0161et\u0159en\u00ed, pokud mo\u017eno bez p\u0159\u00edtomnosti rodi\u010de. V&nbsp;p\u0159\u00edpad\u011b prvn\u00ed n\u00e1v\u0161t\u011bvy v&nbsp;SPC je mezit\u00edm se z\u00e1konn\u00fdm z\u00e1stupcem vypln\u011bn anamnestick\u00fd dotazn\u00edk. D\u00e9lka vy\u0161et\u0159en\u00ed se m\u016f\u017ee li\u0161it, trv\u00e1 obvykle 30\u201390 minut (z\u00e1le\u017e\u00ed na v\u011bku d\u00edt\u011bte, aktu\u00e1ln\u00edm rozpolo\u017een\u00ed, d\u016fvodu vy\u0161et\u0159en\u00ed apod.). V&nbsp;p\u0159\u00edpad\u011b komplexn\u00edho vy\u0161et\u0159en\u00ed m\u016f\u017ee celkov\u00e1 doba str\u00e1ven\u00e1 v&nbsp;SPC \u010dinit 2\u20133 hodiny.<\/p>\n\n\n\n<p>Po realizovan\u00e9m vy\u0161et\u0159en\u00ed s\u00a0V\u00e1mi kl\u00ed\u010dov\u00fd pracovn\u00edk probere zji\u0161t\u011bn\u00e9 z\u00e1v\u011bry, spole\u010dn\u011b projedn\u00e1te mo\u017enosti dal\u0161\u00edho postupu, n\u00e1vrhy doporu\u010den\u00ed pro vzd\u011bl\u00e1v\u00e1n\u00ed atd.  Budete m\u00edt prostor se na cokoli zeptat. Na z\u00e1v\u011br bude je\u0161t\u011b nutn\u00e9 podepsat  Informovan\u00fd souhlas se z\u00e1v\u011bry vy\u0161et\u0159en\u00ed z\u00a0poskytnut\u00e9 poradensk\u00e9 slu\u017eby ve \u0161kolsk\u00e9m poradensk\u00e9m za\u0159\u00edzen\u00ed (viz\u00a0<a href=\"http:\/\/192.168.1.240\/wordpress\/dokumenty-ke-stazeni\/\">Dokumenty ke sta\u017een\u00ed<\/a>).<\/p>\n","protected":false},"excerpt":{"rendered":"<p>Po p\u0159\u00edchodu do SPC se pros\u00edm nahlaste v kancel\u00e1\u0159i p\u0159\u00edjmu (m\u00edstnost \u010d. 204, nach\u00e1z\u00ed se po va\u0161\u00ed lev\u00e9 ruce naproti &hellip; <\/p>\n","protected":false},"author":1,"featured_media":0,"parent":0,"menu_order":0,"comment_status":"closed","ping_status":"closed","template":"","meta":{"_jet_sm_ready_style":"","_jet_sm_style":"","_jet_sm_controls_values":"","_jet_sm_fonts_collection":"","_jet_sm_fonts_links":""},"_links":{"self":[{"href":"http:\/\/spc.msspctu.cz\/wordpress\/wp-json\/wp\/v2\/pages\/445"}],"collection":[{"href":"http:\/\/spc.msspctu.cz\/wordpress\/wp-json\/wp\/v2\/pages"}],"about":[{"href":"http:\/\/spc.msspctu.cz\/wordpress\/wp-json\/wp\/v2\/types\/page"}],"author":[{"embeddable":true,"href":"http:\/\/spc.msspctu.cz\/wordpress\/wp-json\/wp\/v2\/users\/1"}],"replies":[{"embeddable":true,"href":"http:\/\/spc.msspctu.cz\/wordpress\/wp-json\/wp\/v2\/comments?post=445"}],"version-history":[{"count":18,"href":"http:\/\/spc.msspctu.cz\/wordpress\/wp-json\/wp\/v2\/pages\/445\/revisions"}],"predecessor-version":[{"id":1019,"href":"http:\/\/spc.msspctu.cz\/wordpress\/wp-json\/wp\/v2\/pages\/445\/revisions\/1019"}],"wp:attachment":[{"href":"http:\/\/spc.msspctu.cz\/wordpress\/wp-json\/wp\/v2\/media?parent=445"}],"curies":[{"name":"wp","href":"https:\/\/api.w.org\/{rel}","templated":true}]}}