{"id":510,"date":"2021-11-08T14:18:11","date_gmt":"2021-11-08T13:18:11","guid":{"rendered":"http:\/\/192.168.1.240\/wordpress\/?page_id=510"},"modified":"2024-02-08T14:59:16","modified_gmt":"2024-02-08T13:59:16","slug":"online-zadost-o-vysetreni-2","status":"publish","type":"page","link":"http:\/\/spc.msspctu.cz\/wordpress\/online-zadost-o-vysetreni-2\/","title":{"rendered":"Online \u017e\u00e1dost o vy\u0161et\u0159en\u00ed"},"content":{"rendered":"<style id=\"wpforms-css-vars-root\">\n\t\t\t\t:root {\n\t\t\t\t\t--wpforms-field-border-radius: 3px;\n--wpforms-field-background-color: #ffffff;\n--wpforms-field-border-color: rgba( 0, 0, 0, 0.25 );\n--wpforms-field-text-color: rgba( 0, 0, 0, 0.7 );\n--wpforms-label-color: rgba( 0, 0, 0, 0.85 );\n--wpforms-label-sublabel-color: rgba( 0, 0, 0, 0.55 );\n--wpforms-label-error-color: #d63637;\n--wpforms-button-border-radius: 3px;\n--wpforms-button-background-color: #066aab;\n--wpforms-button-text-color: #ffffff;\n--wpforms-field-size-input-height: 43px;\n--wpforms-field-size-input-spacing: 15px;\n--wpforms-field-size-font-size: 16px;\n--wpforms-field-size-line-height: 19px;\n--wpforms-field-size-padding-h: 14px;\n--wpforms-field-size-checkbox-size: 16px;\n--wpforms-field-size-sublabel-spacing: 5px;\n--wpforms-field-size-icon-size: 1;\n--wpforms-label-size-font-size: 16px;\n--wpforms-label-size-line-height: 19px;\n--wpforms-label-size-sublabel-font-size: 14px;\n--wpforms-label-size-sublabel-line-height: 17px;\n--wpforms-button-size-font-size: 17px;\n--wpforms-button-size-height: 41px;\n--wpforms-button-size-padding-h: 15px;\n--wpforms-button-size-margin-top: 10px;\n\n\t\t\t\t}\n\t\t\t<\/style><div class=\"wpforms-container wpforms-container-full wpforms-block wpforms-render-modern\" id=\"wpforms-1258\"><form id=\"wpforms-form-1258\" class=\"wpforms-validate wpforms-form wpforms-ajax-form\" data-formid=\"1258\" method=\"post\" enctype=\"multipart\/form-data\" action=\"\/wordpress\/wp-json\/wp\/v2\/pages\/510\" data-token=\"bbc94f317d2b51ed22d42460185d459d\"><noscript class=\"wpforms-error-noscript\">Chcete-li vyplnit tento formul\u00e1\u0159, pros\u00edm povolte v prohl\u00ed\u017ee\u010di JavaScript.<\/noscript><div class=\"wpforms-hidden\" id=\"wpforms-error-noscript\">Chcete-li vyplnit tento formul\u00e1\u0159, pros\u00edm povolte v prohl\u00ed\u017ee\u010di JavaScript.<\/div><div class=\"wpforms-field-container\"><div id=\"wpforms-1258-field_5-container\" class=\"wpforms-field wpforms-field-name\" data-field-id=\"5\"><fieldset><legend class=\"wpforms-field-label\">Jm\u00e9no klienta <span class=\"wpforms-required-label\" aria-hidden=\"true\">*<\/span><\/legend><div class=\"wpforms-field-row wpforms-field-medium\"><div class=\"wpforms-field-row-block wpforms-first wpforms-one-half\"><input type=\"text\" id=\"wpforms-1258-field_5\" class=\"wpforms-field-name-first wpforms-field-required\" name=\"wpforms[fields][5][first]\" aria-errormessage=\"wpforms-1258-field_5-error\" required><label for=\"wpforms-1258-field_5\" class=\"wpforms-field-sublabel after \">K\u0159estn\u00ed jm\u00e9no<\/label><\/div><div class=\"wpforms-field-row-block wpforms-one-half\"><input type=\"text\" id=\"wpforms-1258-field_5-last\" class=\"wpforms-field-name-last wpforms-field-required\" name=\"wpforms[fields][5][last]\" aria-errormessage=\"wpforms-1258-field_5-last-error\" required><label for=\"wpforms-1258-field_5-last\" class=\"wpforms-field-sublabel after \">P\u0159\u00edjmen\u00ed<\/label><\/div><\/div><\/fieldset><\/div><div id=\"wpforms-1258-field_17-container\" class=\"wpforms-field wpforms-field-text\" data-field-id=\"17\"><label class=\"wpforms-field-label\" for=\"wpforms-1258-field_17\">Datum narozen\u00ed <span class=\"wpforms-required-label\" aria-hidden=\"true\">*<\/span><\/label><input type=\"text\" id=\"wpforms-1258-field_17\" class=\"wpforms-field-medium wpforms-field-required wpforms-masked-input\" data-rule-inputmask-incomplete=\"1\" data-inputmask-mask=\"99-99-9999\" name=\"wpforms[fields][17]\" aria-errormessage=\"wpforms-1258-field_17-error\" aria-describedby=\"wpforms-1258-field_17-description\" required><div id=\"wpforms-1258-field_17-description\" class=\"wpforms-field-description\">Den-m\u011bs\u00edc-rok<\/div><\/div><div id=\"wpforms-1258-field_7-container\" class=\"wpforms-field wpforms-field-checkbox\" data-field-id=\"7\"><fieldset><legend class=\"wpforms-field-label\">Klient v evidenci SPC Trutnov?<\/legend><ul id=\"wpforms-1258-field_7\"><li class=\"choice-1 depth-1\"><input type=\"checkbox\" id=\"wpforms-1258-field_7_1\" name=\"wpforms[fields][7][]\" value=\"Ano\" aria-errormessage=\"wpforms-1258-field_7_1-error\"  ><label class=\"wpforms-field-label-inline\" for=\"wpforms-1258-field_7_1\">Ano<\/label><\/li><li class=\"choice-2 depth-1\"><input type=\"checkbox\" id=\"wpforms-1258-field_7_2\" name=\"wpforms[fields][7][]\" value=\"Ne\" aria-errormessage=\"wpforms-1258-field_7_2-error\"  ><label class=\"wpforms-field-label-inline\" for=\"wpforms-1258-field_7_2\">Ne<\/label><\/li><\/ul><\/fieldset><\/div><div id=\"wpforms-1258-field_8-container\" class=\"wpforms-field wpforms-field-name\" data-field-id=\"8\"><fieldset><legend class=\"wpforms-field-label\">Jm\u00e9no z\u00e1konn\u00e9ho z\u00e1stupce<\/legend><div class=\"wpforms-field-row wpforms-field-medium\"><div class=\"wpforms-field-row-block wpforms-first wpforms-one-half\"><input type=\"text\" id=\"wpforms-1258-field_8\" class=\"wpforms-field-name-first\" name=\"wpforms[fields][8][first]\" aria-errormessage=\"wpforms-1258-field_8-error\" aria-describedby=\"wpforms-1258-field_8-description\" ><label for=\"wpforms-1258-field_8\" class=\"wpforms-field-sublabel after \">K\u0159estn\u00ed jm\u00e9no<\/label><\/div><div class=\"wpforms-field-row-block wpforms-one-half\"><input type=\"text\" id=\"wpforms-1258-field_8-last\" class=\"wpforms-field-name-last\" name=\"wpforms[fields][8][last]\" aria-errormessage=\"wpforms-1258-field_8-last-error\" aria-describedby=\"wpforms-1258-field_8-description\" ><label for=\"wpforms-1258-field_8-last\" class=\"wpforms-field-sublabel after \">P\u0159\u00edjmen\u00ed<\/label><\/div><\/div><div id=\"wpforms-1258-field_8-description\" class=\"wpforms-field-description\">Zadejte sv\u00e9 jm\u00e9no (pouze v p\u0159\u00edpad\u011b objedn\u00e1v\u00e1n\u00ed nezletil\u00e9ho klienta).<\/div><\/fieldset><\/div><div id=\"wpforms-1258-field_9-container\" class=\"wpforms-field wpforms-field-email\" data-field-id=\"9\"><label class=\"wpforms-field-label\" for=\"wpforms-1258-field_9\">E-mail<\/label><input type=\"email\" id=\"wpforms-1258-field_9\" class=\"wpforms-field-medium\" name=\"wpforms[fields][9]\" spellcheck=\"false\" aria-errormessage=\"wpforms-1258-field_9-error\" aria-describedby=\"wpforms-1258-field_9-description\" ><div id=\"wpforms-1258-field_9-description\" class=\"wpforms-field-description\">Zadejte svou e-mailovou adresu.<\/div><\/div><div id=\"wpforms-1258-field_11-container\" class=\"wpforms-field wpforms-field-text\" data-field-id=\"11\"><label class=\"wpforms-field-label\" for=\"wpforms-1258-field_11\">Telefonn\u00ed \u010d\u00edslo <span class=\"wpforms-required-label\" aria-hidden=\"true\">*<\/span><\/label><input type=\"text\" id=\"wpforms-1258-field_11\" class=\"wpforms-field-medium wpforms-field-required wpforms-masked-input\" data-rule-inputmask-incomplete=\"1\" data-inputmask-mask=\"+420-999-999-999\" name=\"wpforms[fields][11]\" aria-errormessage=\"wpforms-1258-field_11-error\" required><\/div><div id=\"wpforms-1258-field_12-container\" class=\"wpforms-field wpforms-field-text\" data-field-id=\"12\"><label class=\"wpforms-field-label\" for=\"wpforms-1258-field_12\">Adresa pro doru\u010dov\u00e1n\u00ed po\u0161ty<\/label><input type=\"text\" id=\"wpforms-1258-field_12\" class=\"wpforms-field-medium\" name=\"wpforms[fields][12]\" aria-errormessage=\"wpforms-1258-field_12-error\" aria-describedby=\"wpforms-1258-field_12-description\" ><div id=\"wpforms-1258-field_12-description\" class=\"wpforms-field-description\">Zadejte svou adresu pro doru\u010dov\u00e1n\u00ed po\u0161ty.<\/div><\/div><div id=\"wpforms-1258-field_13-container\" class=\"wpforms-field wpforms-field-text\" data-field-id=\"13\"><label class=\"wpforms-field-label\" for=\"wpforms-1258-field_13\">\u0160kolsk\u00e9 za\u0159\u00edzen\u00ed (ro\u010dn\u00edk)<\/label><input type=\"text\" id=\"wpforms-1258-field_13\" class=\"wpforms-field-medium\" name=\"wpforms[fields][13]\" aria-errormessage=\"wpforms-1258-field_13-error\" aria-describedby=\"wpforms-1258-field_13-description\" ><div id=\"wpforms-1258-field_13-description\" class=\"wpforms-field-description\">Zadejte n\u00e1zev \u0161koly, kterou klient nav\u0161t\u011bvuje.<\/div><\/div><div id=\"wpforms-1258-field_14-container\" class=\"wpforms-field wpforms-field-checkbox\" data-field-id=\"14\"><fieldset><legend class=\"wpforms-field-label\">D\u016fvod \u017e\u00e1dosti<\/legend><ul id=\"wpforms-1258-field_14\"><li class=\"choice-1 depth-1\"><input type=\"checkbox\" id=\"wpforms-1258-field_14_1\" name=\"wpforms[fields][14][]\" value=\"Vstupn\u00ed vy\u0161et\u0159en\u00ed\" aria-errormessage=\"wpforms-1258-field_14_1-error\"  ><label class=\"wpforms-field-label-inline\" for=\"wpforms-1258-field_14_1\">Vstupn\u00ed vy\u0161et\u0159en\u00ed<\/label><\/li><li class=\"choice-2 depth-1\"><input type=\"checkbox\" id=\"wpforms-1258-field_14_2\" name=\"wpforms[fields][14][]\" value=\"Kontroln\u00ed vy\u0161et\u0159en\u00ed\" aria-errormessage=\"wpforms-1258-field_14_2-error\"  ><label class=\"wpforms-field-label-inline\" for=\"wpforms-1258-field_14_2\">Kontroln\u00ed vy\u0161et\u0159en\u00ed<\/label><\/li><li class=\"choice-3 depth-1\"><input type=\"checkbox\" id=\"wpforms-1258-field_14_3\" name=\"wpforms[fields][14][]\" value=\"Konzultace\" aria-errormessage=\"wpforms-1258-field_14_3-error\"  ><label class=\"wpforms-field-label-inline\" for=\"wpforms-1258-field_14_3\">Konzultace<\/label><\/li><li class=\"choice-4 depth-1\"><input type=\"checkbox\" id=\"wpforms-1258-field_14_4\" name=\"wpforms[fields][14][]\" value=\"\u0160et\u0159en\u00ed \u0161koln\u00ed zralosti\" aria-errormessage=\"wpforms-1258-field_14_4-error\"  ><label class=\"wpforms-field-label-inline\" for=\"wpforms-1258-field_14_4\">\u0160et\u0159en\u00ed \u0161koln\u00ed zralosti<\/label><\/li><li class=\"choice-5 depth-1\"><input type=\"checkbox\" id=\"wpforms-1258-field_14_5\" name=\"wpforms[fields][14][]\" value=\"\u00daprava podm\u00ednek p\u0159ij\u00edmac\u00edho \u0159\u00edzen\u00ed \/ kon\u00e1n\u00ed MZ\" aria-errormessage=\"wpforms-1258-field_14_5-error\"  ><label class=\"wpforms-field-label-inline\" for=\"wpforms-1258-field_14_5\">\u00daprava podm\u00ednek p\u0159ij\u00edmac\u00edho \u0159\u00edzen\u00ed \/ kon\u00e1n\u00ed MZ<\/label><\/li><\/ul><\/fieldset><\/div><div id=\"wpforms-1258-field_15-container\" class=\"wpforms-field wpforms-field-text\" data-field-id=\"15\"><label class=\"wpforms-field-label\" for=\"wpforms-1258-field_15\">P\u00e9\u010de dal\u0161\u00edch instituc\u00ed a odborn\u00fdch za\u0159\u00edzen\u00ed?<\/label><input type=\"text\" id=\"wpforms-1258-field_15\" class=\"wpforms-field-medium\" name=\"wpforms[fields][15]\" aria-errormessage=\"wpforms-1258-field_15-error\" aria-describedby=\"wpforms-1258-field_15-description\" ><div id=\"wpforms-1258-field_15-description\" class=\"wpforms-field-description\">Pokud ano, vypi\u0161te (nap\u0159. logoped, psycholog, psychiatr, jin\u00e9 SPC, PPP, neurolog, ORL atd.).<\/div><\/div><div id=\"wpforms-1258-field_16-container\" class=\"wpforms-field wpforms-field-text\" data-field-id=\"16\"><label class=\"wpforms-field-label\" for=\"wpforms-1258-field_16\">Dal\u0161\u00ed informace<\/label><input type=\"text\" id=\"wpforms-1258-field_16\" class=\"wpforms-field-medium\" name=\"wpforms[fields][16]\" aria-errormessage=\"wpforms-1258-field_16-error\" aria-describedby=\"wpforms-1258-field_16-description\" ><div id=\"wpforms-1258-field_16-description\" class=\"wpforms-field-description\">V p\u0159\u00edpad\u011b pot\u0159eby vypi\u0161te dal\u0161\u00ed informace.<\/div><\/div><\/div><!-- .wpforms-field-container --><div class=\"wpforms-recaptcha-container wpforms-is-recaptcha wpforms-is-recaptcha-type-v3\" ><input type=\"hidden\" name=\"wpforms[recaptcha]\" value=\"\"><\/div><div class=\"wpforms-submit-container\" ><input type=\"hidden\" name=\"wpforms[id]\" value=\"1258\"><input type=\"hidden\" name=\"wpforms[author]\" value=\"1\"><button type=\"submit\" name=\"wpforms[submit]\" id=\"wpforms-submit-1258\" class=\"wpforms-submit\" data-alt-text=\"Odes\u00edl\u00e1ni...\" data-submit-text=\"Odeslat\" aria-live=\"assertive\" value=\"wpforms-submit\">Odeslat<\/button><img loading=\"lazy\" src=\"http:\/\/spc.msspctu.cz\/wordpress\/wp-content\/plugins\/wpforms-lite\/assets\/images\/submit-spin.svg\" class=\"wpforms-submit-spinner\" style=\"display: none;\" width=\"26\" height=\"26\" alt=\"Na\u010d\u00edt\u00e1n\u00ed\"><\/div><\/form><\/div>  <!-- .wpforms-container -->","protected":false},"excerpt":{"rendered":"","protected":false},"author":1,"featured_media":0,"parent":0,"menu_order":0,"comment_status":"closed","ping_status":"closed","template":"","meta":{"_jet_sm_ready_style":".jet-sm-gb-41531dc0-6ba3-47ce-bfde-80f8b933f799 .jet-form-builder__desc{background-color: ;} ","_jet_sm_style":"{\"jet-sm-gb-41531dc0-6ba3-47ce-bfde-80f8b933f799\":{\".jet-sm-gb-41531dc0-6ba3-47ce-bfde-80f8b933f799 .jet-form-builder__desc\":{\"description_background_color\":{\"value\":\"background-color: ;\"}}}}","_jet_sm_controls_values":"{\"jet-sm-gb-41531dc0-6ba3-47ce-bfde-80f8b933f799\":{\"form_row_gap_before\":{\"value\":1},\"form_row_gap_after\":{\"value\":1},\"break_buttons_padding\":{\"value\":{\"top\":\"0px\",\"right\":\"0px\",\"bottom\":\"0px\",\"left\":\"0px\"}},\"break_buttons_alignment\":{\"value\":\"left\"},\"break_buttons_border\":{\"value\":{\"style\":\"none\",\"radius\":{\"top\":\"1px\",\"right\":\"1px\",\"bottom\":\"1px\",\"left\":\"1px\"},\"width\":{\"top\":\"1px\",\"right\":\"1px\",\"bottom\":\"1px\",\"left\":\"1px\"},\"color\":\"#000000\"}},\"next_button_margin\":{\"value\":{\"top\":\"0px\",\"right\":\"0px\",\"bottom\":\"0px\",\"left\":\"0px\"}},\"next_button_padding\":{\"value\":{\"top\":\"0px\",\"right\":\"0px\",\"bottom\":\"0px\",\"left\":\"0px\"}},\"next_button_typography\":{\"value\":{\"family\":\"inherit\",\"size\":14,\"s_unit\":\"px\",\"weight\":\"400\",\"transform\":\"inherit\",\"style\":\"inherit\",\"decoration\":\"inherit\",\"lineHeight\":1.2,\"lh_unit\":\"\",\"letterSpacing\":0,\"ls_unit\":\"px\"}},\"next_button_border\":{\"value\":{\"style\":\"none\",\"radius\":{\"top\":\"1px\",\"right\":\"1px\",\"bottom\":\"1px\",\"left\":\"1px\"},\"width\":{\"top\":\"1px\",\"right\":\"1px\",\"bottom\":\"1px\",\"left\":\"1px\"},\"color\":\"#000000\"}},\"next_button_typography_color\":{\"value\":\"\"},\"next_button_background_color\":{\"value\":\"\"},\"next_button_hover_typography_color\":{\"value\":\"\"},\"next_button_hover_background_color\":{\"value\":\"\"},\"prev_button_margin\":{\"value\":{\"top\":\"0px\",\"right\":\"0px\",\"bottom\":\"0px\",\"left\":\"0px\"}},\"prev_button_padding\":{\"value\":{\"top\":\"0px\",\"right\":\"0px\",\"bottom\":\"0px\",\"left\":\"0px\"}},\"prev_button_typography\":{\"value\":{\"family\":\"inherit\",\"size\":14,\"s_unit\":\"px\",\"weight\":\"400\",\"transform\":\"inherit\",\"style\":\"inherit\",\"decoration\":\"inherit\",\"lineHeight\":1.2,\"lh_unit\":\"\",\"letterSpacing\":0,\"ls_unit\":\"px\"}},\"prev_button_border\":{\"value\":{\"style\":\"none\",\"radius\":{\"top\":\"1px\",\"right\":\"1px\",\"bottom\":\"1px\",\"left\":\"1px\"},\"width\":{\"top\":\"1px\",\"right\":\"1px\",\"bottom\":\"1px\",\"left\":\"1px\"},\"color\":\"#000000\"}},\"prev_button_typography_color\":{\"value\":\"\"},\"prev_button_background_color\":{\"value\":\"\"},\"prev_button_hover_typography_color\":{\"value\":\"\"},\"prev_button_hover_background_color\":{\"value\":\"\"},\"disabled_message_margin\":{\"value\":{\"top\":\"0px\",\"right\":\"0px\",\"bottom\":\"0px\",\"left\":\"0px\"}},\"disabled_message_padding\":{\"value\":{\"top\":\"0px\",\"right\":\"0px\",\"bottom\":\"0px\",\"left\":\"0px\"}},\"disabled_message_typography\":{\"value\":{\"family\":\"inherit\",\"size\":14,\"s_unit\":\"px\",\"weight\":\"400\",\"transform\":\"inherit\",\"style\":\"inherit\",\"decoration\":\"inherit\",\"lineHeight\":1.2,\"lh_unit\":\"\",\"letterSpacing\":0,\"ls_unit\":\"px\"}},\"disabled_message_border\":{\"value\":{\"style\":\"none\",\"radius\":{\"top\":\"1px\",\"right\":\"1px\",\"bottom\":\"1px\",\"left\":\"1px\"},\"width\":{\"top\":\"1px\",\"right\":\"1px\",\"bottom\":\"1px\",\"left\":\"1px\"},\"color\":\"#000000\"}},\"field_margin\":{\"value\":{\"top\":\"0px\",\"right\":\"0px\",\"bottom\":\"0px\",\"left\":\"0px\"}},\"field_padding\":{\"value\":{\"top\":\"0px\",\"right\":\"0px\",\"bottom\":\"0px\",\"left\":\"0px\"}},\"form_progress_pages_wrapper--typography\":{\"value\":{\"family\":\"inherit\",\"size\":14,\"s_unit\":\"px\",\"weight\":\"400\",\"transform\":\"inherit\",\"style\":\"inherit\",\"decoration\":\"inherit\",\"lineHeight\":1.2,\"lh_unit\":\"\",\"letterSpacing\":0,\"ls_unit\":\"px\"}},\"form_progress_pages_wrapper--border\":{\"value\":{\"style\":\"none\",\"radius\":{\"top\":\"1px\",\"right\":\"1px\",\"bottom\":\"1px\",\"left\":\"1px\"},\"width\":{\"top\":\"1px\",\"right\":\"1px\",\"bottom\":\"1px\",\"left\":\"1px\"},\"color\":\"#000000\"}},\"form_progress_pages_wrapper--color\":{\"value\":\"\"},\"form_progress_pages_wrapper--bg_color\":{\"value\":\"\"},\"form_progress_pages_item__active--padding\":{\"value\":{\"top\":\"0px\",\"right\":\"0px\",\"bottom\":\"0px\",\"left\":\"0px\"}},\"form_progress_pages_item__active--margin\":{\"value\":{\"top\":\"0px\",\"right\":\"0px\",\"bottom\":\"0px\",\"left\":\"0px\"}},\"form_progress_pages__current--typography\":{\"value\":{\"family\":\"inherit\",\"size\":14,\"s_unit\":\"px\",\"weight\":\"400\",\"transform\":\"inherit\",\"style\":\"inherit\",\"decoration\":\"inherit\",\"lineHeight\":1.2,\"lh_unit\":\"\",\"letterSpacing\":0,\"ls_unit\":\"px\"}},\"form_progress_pages_item__active--border\":{\"value\":{\"style\":\"none\",\"radius\":{\"top\":\"1px\",\"right\":\"1px\",\"bottom\":\"1px\",\"left\":\"1px\"},\"width\":{\"top\":\"1px\",\"right\":\"1px\",\"bottom\":\"1px\",\"left\":\"1px\"},\"color\":\"#000000\"}},\"form_progress_pages_item__active--color\":{\"value\":\"\"},\"form_progress_pages_item__active--bg_color\":{\"value\":\"\"},\"form_progress_pages__current_separator--height\":{\"value\":3},\"form_progress_pages__current_separator--bg_color\":{\"value\":\"\"},\"form_progress_pages_item__next--padding\":{\"value\":{\"top\":\"0px\",\"right\":\"0px\",\"bottom\":\"0px\",\"left\":\"0px\"}},\"form_progress_pages_item__next--margin\":{\"value\":{\"top\":\"0px\",\"right\":\"0px\",\"bottom\":\"0px\",\"left\":\"0px\"}},\"form_progress_pages__next--typography\":{\"value\":{\"family\":\"inherit\",\"size\":14,\"s_unit\":\"px\",\"weight\":\"400\",\"transform\":\"inherit\",\"style\":\"inherit\",\"decoration\":\"inherit\",\"lineHeight\":1.2,\"lh_unit\":\"\",\"letterSpacing\":0,\"ls_unit\":\"px\"}},\"form_progress_pages_item__next--border\":{\"value\":{\"style\":\"none\",\"radius\":{\"top\":\"1px\",\"right\":\"1px\",\"bottom\":\"1px\",\"left\":\"1px\"},\"width\":{\"top\":\"1px\",\"right\":\"1px\",\"bottom\":\"1px\",\"left\":\"1px\"},\"color\":\"#000000\"}},\"form_progress_pages_item__next--color\":{\"value\":\"\"},\"form_progress_pages_item__next--bg_color\":{\"value\":\"\"},\"form_progress_pages__next_separator--height\":{\"value\":3},\"form_progress_pages__next_separator--bg_color\":{\"value\":\"\"},\"form_progress_pages_item__prev--padding\":{\"value\":{\"top\":\"0px\",\"right\":\"0px\",\"bottom\":\"0px\",\"left\":\"0px\"}},\"form_progress_pages_item__prev--margin\":{\"value\":{\"top\":\"0px\",\"right\":\"0px\",\"bottom\":\"0px\",\"left\":\"0px\"}},\"form_progress_pages__prev--typography\":{\"value\":{\"family\":\"inherit\",\"size\":14,\"s_unit\":\"px\",\"weight\":\"400\",\"transform\":\"inherit\",\"style\":\"inherit\",\"decoration\":\"inherit\",\"lineHeight\":1.2,\"lh_unit\":\"\",\"letterSpacing\":0,\"ls_unit\":\"px\"}},\"form_progress_pages_item__prev--border\":{\"value\":{\"style\":\"none\",\"radius\":{\"top\":\"1px\",\"right\":\"1px\",\"bottom\":\"1px\",\"left\":\"1px\"},\"width\":{\"top\":\"1px\",\"right\":\"1px\",\"bottom\":\"1px\",\"left\":\"1px\"},\"color\":\"#000000\"}},\"form_progress_pages_item__prev--color\":{\"value\":\"\"},\"form_progress_pages_item__prev--bg_color\":{\"value\":\"\"},\"form_progress_pages__prev_separator--height\":{\"value\":3},\"form_progress_pages__prev_separator--bg_color\":{\"value\":\"\"},\"form_progress_pages_current_circle--padding\":{\"value\":{\"top\":\"0px\",\"right\":\"0px\",\"bottom\":\"0px\",\"left\":\"0px\"}},\"form_progress_pages_current_circle--typography\":{\"value\":{\"family\":\"inherit\",\"size\":14,\"s_unit\":\"px\",\"weight\":\"400\",\"transform\":\"inherit\",\"style\":\"inherit\",\"decoration\":\"inherit\",\"lineHeight\":1.2,\"lh_unit\":\"\",\"letterSpacing\":0,\"ls_unit\":\"px\"}},\"form_progress_pages_current_circle--border\":{\"value\":{\"style\":\"none\",\"radius\":{\"top\":\"1px\",\"right\":\"1px\",\"bottom\":\"1px\",\"left\":\"1px\"},\"width\":{\"top\":\"1px\",\"right\":\"1px\",\"bottom\":\"1px\",\"left\":\"1px\"},\"color\":\"#000000\"}},\"form_progress_pages_current_circle--color\":{\"value\":\"\"},\"form_progress_pages_current_circle--bg_color\":{\"value\":\"\"},\"form_progress_pages_next_circle--padding\":{\"value\":{\"top\":\"0px\",\"right\":\"0px\",\"bottom\":\"0px\",\"left\":\"0px\"}},\"form_progress_pages_next_circle--typography\":{\"value\":{\"family\":\"inherit\",\"size\":14,\"s_unit\":\"px\",\"weight\":\"400\",\"transform\":\"inherit\",\"style\":\"inherit\",\"decoration\":\"inherit\",\"lineHeight\":1.2,\"lh_unit\":\"\",\"letterSpacing\":0,\"ls_unit\":\"px\"}},\"form_progress_pages_next_circle--border\":{\"value\":{\"style\":\"none\",\"radius\":{\"top\":\"1px\",\"right\":\"1px\",\"bottom\":\"1px\",\"left\":\"1px\"},\"width\":{\"top\":\"1px\",\"right\":\"1px\",\"bottom\":\"1px\",\"left\":\"1px\"},\"color\":\"#000000\"}},\"form_progress_pages_next_circle--color\":{\"value\":\"\"},\"form_progress_pages_next_circle--bg_color\":{\"value\":\"\"},\"form_progress_pages_prev_circle--padding\":{\"value\":{\"top\":\"0px\",\"right\":\"0px\",\"bottom\":\"0px\",\"left\":\"0px\"}},\"form_progress_pages_prev_circle--typography\":{\"value\":{\"family\":\"inherit\",\"size\":14,\"s_unit\":\"px\",\"weight\":\"400\",\"transform\":\"inherit\",\"style\":\"inherit\",\"decoration\":\"inherit\",\"lineHeight\":1.2,\"lh_unit\":\"\",\"letterSpacing\":0,\"ls_unit\":\"px\"}},\"form_progress_pages_prev_circle--border\":{\"value\":{\"style\":\"none\",\"radius\":{\"top\":\"1px\",\"right\":\"1px\",\"bottom\":\"1px\",\"left\":\"1px\"},\"width\":{\"top\":\"1px\",\"right\":\"1px\",\"bottom\":\"1px\",\"left\":\"1px\"},\"color\":\"#000000\"}},\"form_progress_pages_prev_circle--color\":{\"value\":\"\"},\"form_progress_pages_prev_circle--bg_color\":{\"value\":\"\"},\"success_margin\":{\"value\":{\"top\":\"0px\",\"right\":\"0px\",\"bottom\":\"0px\",\"left\":\"0px\"}},\"success_padding\":{\"value\":{\"top\":\"0px\",\"right\":\"0px\",\"bottom\":\"0px\",\"left\":\"0px\"}},\"success_alignment\":{\"value\":\"left\"},\"success_typography\":{\"value\":{\"family\":\"inherit\",\"size\":14,\"s_unit\":\"px\",\"weight\":\"400\",\"transform\":\"inherit\",\"style\":\"inherit\",\"decoration\":\"inherit\",\"lineHeight\":1.2,\"lh_unit\":\"\",\"letterSpacing\":0,\"ls_unit\":\"px\"}},\"success_color\":{\"value\":\"green\"},\"success_background_color\":{\"value\":\"#FFFFFF\"},\"success_border\":{\"value\":{\"style\":\"none\",\"radius\":{\"top\":\"1px\",\"right\":\"1px\",\"bottom\":\"1px\",\"left\":\"1px\"},\"width\":{\"top\":\"1px\",\"right\":\"1px\",\"bottom\":\"1px\",\"left\":\"1px\"},\"color\":\"#000000\"}},\"error_margin\":{\"value\":{\"top\":\"0px\",\"right\":\"0px\",\"bottom\":\"0px\",\"left\":\"0px\"}},\"error_padding\":{\"value\":{\"top\":\"0px\",\"right\":\"0px\",\"bottom\":\"0px\",\"left\":\"0px\"}},\"error_alignment\":{\"value\":\"left\"},\"error_typography\":{\"value\":{\"family\":\"inherit\",\"size\":14,\"s_unit\":\"px\",\"weight\":\"400\",\"transform\":\"inherit\",\"style\":\"inherit\",\"decoration\":\"inherit\",\"lineHeight\":1.2,\"lh_unit\":\"\",\"letterSpacing\":0,\"ls_unit\":\"px\"}},\"error_color\":{\"value\":\"#000000\"},\"error_background_color\":{\"value\":\"#FFFFFF\"},\"error_border\":{\"value\":{\"style\":\"none\",\"radius\":{\"top\":\"1px\",\"right\":\"1px\",\"bottom\":\"1px\",\"left\":\"1px\"},\"width\":{\"top\":\"1px\",\"right\":\"1px\",\"bottom\":\"1px\",\"left\":\"1px\"},\"color\":\"#000000\"}},\"label_margin\":{\"value\":{\"top\":\"0px\",\"right\":\"0px\",\"bottom\":\"0px\",\"left\":\"0px\"}},\"label_padding\":{\"value\":{\"top\":\"0px\",\"right\":\"0px\",\"bottom\":\"0px\",\"left\":\"0px\"}},\"label_alignment\":{\"value\":\"\"},\"label_typography\":{\"value\":{\"family\":\"inherit\",\"size\":14,\"s_unit\":\"px\",\"weight\":\"400\",\"transform\":\"inherit\",\"style\":\"inherit\",\"decoration\":\"inherit\",\"lineHeight\":1.2,\"lh_unit\":\"\",\"letterSpacing\":0,\"ls_unit\":\"px\"}},\"label_border\":{\"value\":{\"style\":\"none\",\"radius\":{\"top\":\"1px\",\"right\":\"1px\",\"bottom\":\"1px\",\"left\":\"1px\"},\"width\":{\"top\":\"1px\",\"right\":\"1px\",\"bottom\":\"1px\",\"left\":\"1px\"},\"color\":\"#000000\"}},\"label_color\":{\"value\":\"\"},\"label_background_color\":{\"value\":\"\"},\"required_typography\":{\"value\":{\"family\":\"inherit\",\"size\":14,\"s_unit\":\"px\",\"weight\":\"400\",\"transform\":\"inherit\",\"style\":\"inherit\",\"decoration\":\"inherit\",\"lineHeight\":1.2,\"lh_unit\":\"\",\"letterSpacing\":0,\"ls_unit\":\"px\"}},\"required_color\":{\"value\":\"\"},\"required_background_color\":{\"value\":\"\"},\"description_margin\":{\"value\":{\"top\":\"0px\",\"right\":\"0px\",\"bottom\":\"0px\",\"left\":\"0px\"}},\"description_padding\":{\"value\":{\"top\":\"0px\",\"right\":\"0px\",\"bottom\":\"0px\",\"left\":\"0px\"}},\"description_alignment\":{\"value\":\"\"},\"description_border\":{\"value\":{\"style\":\"none\",\"radius\":{\"top\":\"1px\",\"right\":\"1px\",\"bottom\":\"1px\",\"left\":\"1px\"},\"width\":{\"top\":\"1px\",\"right\":\"1px\",\"bottom\":\"1px\",\"left\":\"1px\"},\"color\":\"#000000\"}},\"description_typography\":{\"value\":{\"family\":\"inherit\",\"size\":14,\"s_unit\":\"px\",\"weight\":\"400\",\"transform\":\"inherit\",\"style\":\"inherit\",\"decoration\":\"inherit\",\"lineHeight\":1.2,\"lh_unit\":\"\",\"letterSpacing\":0,\"ls_unit\":\"px\"}},\"description_color\":{\"value\":\"\"},\"description_background_color\":{\"value\":\"\"}}}","_jet_sm_fonts_collection":"{}","_jet_sm_fonts_links":"\"<link rel=\\\"preconnect\\\" href=\\\"https:\/\/fonts.gstatic.com\\\">\""},"_links":{"self":[{"href":"http:\/\/spc.msspctu.cz\/wordpress\/wp-json\/wp\/v2\/pages\/510"}],"collection":[{"href":"http:\/\/spc.msspctu.cz\/wordpress\/wp-json\/wp\/v2\/pages"}],"about":[{"href":"http:\/\/spc.msspctu.cz\/wordpress\/wp-json\/wp\/v2\/types\/page"}],"author":[{"embeddable":true,"href":"http:\/\/spc.msspctu.cz\/wordpress\/wp-json\/wp\/v2\/users\/1"}],"replies":[{"embeddable":true,"href":"http:\/\/spc.msspctu.cz\/wordpress\/wp-json\/wp\/v2\/comments?post=510"}],"version-history":[{"count":18,"href":"http:\/\/spc.msspctu.cz\/wordpress\/wp-json\/wp\/v2\/pages\/510\/revisions"}],"predecessor-version":[{"id":1281,"href":"http:\/\/spc.msspctu.cz\/wordpress\/wp-json\/wp\/v2\/pages\/510\/revisions\/1281"}],"wp:attachment":[{"href":"http:\/\/spc.msspctu.cz\/wordpress\/wp-json\/wp\/v2\/media?parent=510"}],"curies":[{"name":"wp","href":"https:\/\/api.w.org\/{rel}","templated":true}]}}