{"id":538,"date":"2021-11-10T14:21:24","date_gmt":"2021-11-10T13:21:24","guid":{"rendered":"http:\/\/192.168.1.240\/wordpress\/?page_id=538"},"modified":"2026-08-11T12:48:44","modified_gmt":"2026-08-11T10:48:44","slug":"legislativa","status":"publish","type":"page","link":"http:\/\/spc.msspctu.cz\/wordpress\/legislativa\/","title":{"rendered":"Klinick\u00e1 logopedie"},"content":{"rendered":"\n<h3><span class=\"has-inline-color has-vivid-cyan-blue-color\">KLINLOGOS s.r.o.<\/span><\/h3>\n\n\n\n<p><strong>Mgr. Ivana Hanu\u0161ov\u00e1, Mgr. \u0160\u00e1rka Mu\u0161\u00e1kov\u00e1, Mgr. Andrea Kitov\u00e1<\/strong><\/p>\n\n\n\n<p>Trutnov<\/p>\n\n\n\n<p>\u00a0499 859 763, <a href=\"https:\/\/www.poliklinikatrutnov.cz\/#\/department?tenantId=poliklinika&amp;departmentId=logoped\">www.poliklinikatrutnov.cz<\/a><\/p>\n\n\n\n<p><span class=\"has-inline-color has-white-color\">hhh<\/span><\/p>\n\n\n\n<h3><span class=\"has-inline-color has-vivid-cyan-blue-color\">Klinick\u00e1 logopedie Trutnov<\/span><\/h3>\n\n\n\n<p><strong>Mgr. Zuzana Fil\u00edpkov\u00e1<\/strong><\/p>\n\n\n\n<p>&nbsp;608 651 957<\/p>\n\n\n\n<p><span class=\"has-inline-color has-white-color\">hhh<\/span><\/p>\n\n\n\n<h3><span class=\"has-inline-color has-vivid-cyan-blue-color\">Oblastn\u00ed nemocnice Trutnov &#8211; klinick\u00e1 logopedie<\/span><\/h3>\n\n\n\n<p><strong>Mgr. Ivana Hanu\u0161ov\u00e1, Mgr. Jana Hru\u0161kov\u00e1, Mgr. et Mgr. Anna Hol\u00e1<\/strong><\/p>\n\n\n\n<p>\u00a0499 866 149, <a href=\"https:\/\/www.nemtru.cz\/cs\/klinicka-logopedie\">https:\/\/www.nemtru.cz\/cs\/klinicka-logopedie<\/a><\/p>\n\n\n\n<p><span class=\"has-inline-color has-white-color\">&nbsp;hhh<\/span><\/p>\n\n\n\n<h3><span class=\"has-inline-color has-vivid-cyan-blue-color\">Klinick\u00e1 logopedie Mgr. Veronika Mervartov\u00e1<\/span><\/h3>\n\n\n\n<p>Mlad\u00e9 Buky<\/p>\n\n\n\n<p>&nbsp;733 552 223<\/p>\n\n\n\n<p><span class=\"has-inline-color has-white-color\">hhh<\/span><\/p>\n\n\n\n<h3><span class=\"has-inline-color has-vivid-cyan-blue-color\">St\u00e1tn\u00ed l\u00e9\u010debn\u00e9 l\u00e1zn\u011b Jansk\u00e9 L\u00e1zn\u011b, s.p.<\/span><\/h3>\n\n\n\n<p>D\u011btsk\u00e1 l\u00e9\u010debna VESNA \u2013 ambulance klinick\u00e9 logopedie pro d\u011bti<\/p>\n\n\n\n<p>\u00a0499 860 111, <a href=\"https:\/\/www.janskelazne.com\/ambulance\/ambulance-klinicke-logopedie-pro-deti\/?cmplz-force-reload=1731499082407\">www.janskelazne.com<\/a><\/p>\n\n\n\n<p><span class=\"has-inline-color has-white-color\">hhh<\/span><\/p>\n\n\n\n<h3><span class=\"has-inline-color has-vivid-cyan-blue-color\">Klinick\u00e1 logopedie \u2013 Mgr. V\u011bra Kejdanov\u00e1<\/span><\/h3>\n\n\n\n<p>N\u00e1chod<\/p>\n\n\n\n<p>\u00a0491 424 172, <a href=\"http:\/\/klinicka-logopedie-mgr-vera-kejdanova.modernilekar.cz\/\">klinicka-logopedie-mgr-vera-kejdanova.modernilekar.cz<\/a><\/p>\n\n\n\n<p><span class=\"has-inline-color has-white-color\">hhh<\/span><\/p>\n\n\n\n<h3><span class=\"has-inline-color has-vivid-cyan-blue-color\">Nemocnice N\u00e1chod &#8211; Ambulance klinick\u00e9 logopedie<\/span><\/h3>\n\n\n\n<p><strong>Mgr. et Mgr. Iveta Run\u0161tukov\u00e1, Mgr. Martina Roskov\u00e1<\/strong><\/p>\n\n\n\n<p>\u00a0606 760 770, 720 750 983, <a href=\"https:\/\/www.nemocnicenachod.cz\/nabirame-nove-klienty-do-ambulance-klinicke-logopedie-pro-deti-i-dospele\">www.nemocnicenachod.cz<\/a><\/p>\n\n\n\n<p><span class=\"has-inline-color has-white-color\">hhh<\/span><\/p>\n\n\n\n<h3><span class=\"has-inline-color has-vivid-cyan-blue-color\">Klinick\u00e1 logopedie N\u00e1chod s.r.o.<\/span><\/h3>\n\n\n\n<p><strong>Mgr. et Mgr. Martina K\u0159oustkov\u00e1, Mgr. Irena Klimkov\u00e1<\/strong><\/p>\n\n\n\n<p>\u00a0420 491 421 890, 732 745 510, <a href=\"https:\/\/www.klinickalogopedie.cz\/index.php?pg=verejnost--adresar-logopedickych-pracovist&amp;ceid=586\">www.klinickalogopedie.cz<\/a><\/p>\n\n\n\n<p><span class=\"has-inline-color has-white-color\">hhh<\/span><\/p>\n\n\n\n<h3><span class=\"has-inline-color has-vivid-cyan-blue-color\">Klinick\u00e1 logopedie &#8211; Mgr. Kate\u0159ina Sobotkov\u00e1<\/span><\/h3>\n\n\n\n<p>Vrchlab\u00ed<\/p>\n\n\n\n<p>&nbsp;605 802 505<\/p>\n\n\n\n<p><span class=\"has-inline-color has-white-color\">hhh<\/span><\/p>\n\n\n\n<h3><span class=\"has-inline-color has-vivid-cyan-blue-color\">Ambulance klinick\u00e9 logopedie Vrchlab\u00ed<\/span><\/h3>\n\n\n\n<p><strong>Mgr. Michaela Ku\u010derov\u00e1<\/strong><\/p>\n\n\n\n<p>\u00a0603 727 404, www.logopedievrchlabi.cz<\/p>\n\n\n\n<p><span class=\"has-inline-color has-white-color\">hhh<\/span><\/p>\n\n\n\n<h3><span class=\"has-inline-color has-vivid-cyan-blue-color\">Klinick\u00e1 logopedie Dv\u016fr Kr\u00e1lov\u00e9 nad Labem<\/span><\/h3>\n\n\n\n<p><strong>Mgr. Kate\u0159ina Da\u0148kov\u00e1<\/strong><\/p>\n\n\n\n<p>\u00a0731 905 509, <a href=\"https:\/\/www.klinickalogopediedvur.cz\/\">www.klinickalogopediedvur.cz<\/a><\/p>\n\n\n\n<p><span class=\"has-inline-color has-white-color\">hhh<\/span><\/p>\n\n\n\n<h3><span class=\"has-inline-color has-vivid-cyan-blue-color\">LOGOmedic s.r.o.<\/span><\/h3>\n\n\n\n<p>Hradec Kr\u00e1lov\u00e9 \u2013&nbsp;&nbsp;608 987 600 \u2013 <strong>Mgr. Eva Koc\u00e1bkov\u00e1<\/strong><\/p>\n\n\n\n<p>Dobru\u0161ka \u2013&nbsp;&nbsp;607 713 482 \u2013 <strong>Mgr. Radka Strat\u00edlkov\u00e1<\/strong><\/p>\n\n\n\n<p>T\u00fdni\u0161t\u011b nad Orlic\u00ed \u2013&nbsp;&nbsp;721 340 336 \u2013 <strong>Mgr. Ji\u0159ina Jaro\u0161ov\u00e1<\/strong><\/p>\n\n\n\n<p>Smi\u0159ice \u2013&nbsp;&nbsp;608 987 600 \u2013 <strong>Mgr. Eva Koc\u00e1bkov\u00e1<\/strong><\/p>\n\n\n\n<p><a href=\"https:\/\/www.logomedic.cz\/\">www.logomedic.cz<\/a><\/p>\n\n\n\n<p><span class=\"has-inline-color has-white-color\">hhh<\/span><\/p>\n\n\n\n<h3><span class=\"has-inline-color has-vivid-cyan-blue-color\">Oblastn\u00ed nemocnice Ji\u010d\u00edn &#8211; Logopedick\u00e1 ambulance<\/span><\/h3>\n\n\n\n<p><strong>Mgr. Barbora Fro\u0148kov\u00e1<\/strong><\/p>\n\n\n\n<p>\u00a0493 582 590, <a href=\"https:\/\/www.nemjc.cz\/cs\/logopedicka-ambulance\">www.nemjc.cz<\/a><\/p>\n\n\n\n<p><span class=\"has-inline-color has-white-color\">hhh<\/span><\/p>\n\n\n\n<h3><strong><span class=\"has-inline-color has-vivid-cyan-blue-color\">Logoprim s.r.o.<\/span><\/strong><\/h3>\n\n\n\n<p>St\u011b\u017eery \u2013&nbsp;&nbsp;721 083 796 \u2013 <strong>Mgr. Kate\u0159ina Lindov\u00e1<\/strong><\/p>\n\n\n\n<p>Broumov \u2013&nbsp;&nbsp;608 295 933 \u2013 <strong>Mgr. Krist\u00fdna Kol\u00e1\u010dn\u00e1<\/strong><\/p>\n\n\n\n<p>Hradec Kr\u00e1lov\u00e9 \u2013&nbsp;&nbsp;608 001 419 \u2013<strong> Mgr. Jana Sko\u0159epov\u00e1<\/strong><\/p>\n\n\n\n<p>Hradec Kr\u00e1lov\u00e9 &#8211;&nbsp;&nbsp;602 626 202 \u2013 <strong>Mgr. Denisa Popel\u00e1\u0159ov\u00e1<\/strong><\/p>\n\n\n\n<p><a href=\"https:\/\/www.klinickylogoped.eu\/\">www.klinickylogoped.eu<\/a><\/p>\n","protected":false},"excerpt":{"rendered":"<p>KLINLOGOS s.r.o. Mgr. Ivana Hanu\u0161ov\u00e1, Mgr. \u0160\u00e1rka Mu\u0161\u00e1kov\u00e1, Mgr. Andrea Kitov\u00e1 Trutnov \u00a0499 859 763, www.poliklinikatrutnov.cz hhh Klinick\u00e1 logopedie Trutnov &hellip; <\/p>\n","protected":false},"author":1,"featured_media":0,"parent":0,"menu_order":0,"comment_status":"closed","ping_status":"closed","template":"","meta":{"_jet_sm_ready_style":"","_jet_sm_style":"","_jet_sm_controls_values":"","_jet_sm_fonts_collection":"","_jet_sm_fonts_links":""},"_links":{"self":[{"href":"http:\/\/spc.msspctu.cz\/wordpress\/wp-json\/wp\/v2\/pages\/538"}],"collection":[{"href":"http:\/\/spc.msspctu.cz\/wordpress\/wp-json\/wp\/v2\/pages"}],"about":[{"href":"http:\/\/spc.msspctu.cz\/wordpress\/wp-json\/wp\/v2\/types\/page"}],"author":[{"embeddable":true,"href":"http:\/\/spc.msspctu.cz\/wordpress\/wp-json\/wp\/v2\/users\/1"}],"replies":[{"embeddable":true,"href":"http:\/\/spc.msspctu.cz\/wordpress\/wp-json\/wp\/v2\/comments?post=538"}],"version-history":[{"count":14,"href":"http:\/\/spc.msspctu.cz\/wordpress\/wp-json\/wp\/v2\/pages\/538\/revisions"}],"predecessor-version":[{"id":1513,"href":"http:\/\/spc.msspctu.cz\/wordpress\/wp-json\/wp\/v2\/pages\/538\/revisions\/1513"}],"wp:attachment":[{"href":"http:\/\/spc.msspctu.cz\/wordpress\/wp-json\/wp\/v2\/media?parent=538"}],"curies":[{"name":"wp","href":"https:\/\/api.w.org\/{rel}","templated":true}]}}

Klinická logopedie

<h3><span class="has-inline-color has-vivid-cyan-blue-color">KLINLOGOS s.r.o.</span></h3>



<p><strong>Mgr. Ivana Hanušová, Mgr. Šárka Mušáková, Mgr. Andrea Kitová</strong></p>



<p>Trutnov</p>



<p> 499 859 763, <a href="https://www.poliklinikatrutnov.cz/#/department?tenantId=poliklinika&amp;departmentId=logoped">www.poliklinikatrutnov.cz</a></p>



<p><span class="has-inline-color has-white-color">hhh</span></p>



<h3><span class="has-inline-color has-vivid-cyan-blue-color">Klinická logopedie Trutnov</span></h3>



<p><strong>Mgr. Zuzana Filípková</strong></p>



<p>&nbsp;608 651 957</p>



<p><span class="has-inline-color has-white-color">hhh</span></p>



<h3><span class="has-inline-color has-vivid-cyan-blue-color">Oblastní nemocnice Trutnov &#8211; klinická logopedie</span></h3>



<p><strong>Mgr. Ivana Hanušová, Mgr. Jana Hrušková, Mgr. et Mgr. Anna Holá</strong></p>



<p> 499 866 149, <a href="https://www.nemtru.cz/cs/klinicka-logopedie">https://www.nemtru.cz/cs/klinicka-logopedie</a></p>



<p><span class="has-inline-color has-white-color">&nbsp;hhh</span></p>



<h3><span class="has-inline-color has-vivid-cyan-blue-color">Klinická logopedie Mgr. Veronika Mervartová</span></h3>



<p>Mladé Buky</p>



<p>&nbsp;733 552 223</p>



<p><span class="has-inline-color has-white-color">hhh</span></p>



<h3><span class="has-inline-color has-vivid-cyan-blue-color">Státní léčebné lázně Janské Lázně, s.p.</span></h3>



<p>Dětská léčebna VESNA – ambulance klinické logopedie pro děti</p>



<p> 499 860 111, <a href="https://www.janskelazne.com/ambulance/ambulance-klinicke-logopedie-pro-deti/?cmplz-force-reload=1731499082407">www.janskelazne.com</a></p>



<p><span class="has-inline-color has-white-color">hhh</span></p>



<h3><span class="has-inline-color has-vivid-cyan-blue-color">Klinická logopedie – Mgr. Věra Kejdanová</span></h3>



<p>Náchod</p>



<p> 491 424 172, <a href="http://klinicka-logopedie-mgr-vera-kejdanova.modernilekar.cz/">klinicka-logopedie-mgr-vera-kejdanova.modernilekar.cz</a></p>



<p><span class="has-inline-color has-white-color">hhh</span></p>



<h3><span class="has-inline-color has-vivid-cyan-blue-color">Nemocnice Náchod &#8211; Ambulance klinické logopedie</span></h3>



<p><strong>Mgr. et Mgr. Iveta Runštuková, Mgr. Martina Rosková</strong></p>



<p> 606 760 770, 720 750 983, <a href="https://www.nemocnicenachod.cz/nabirame-nove-klienty-do-ambulance-klinicke-logopedie-pro-deti-i-dospele">www.nemocnicenachod.cz</a></p>



<p><span class="has-inline-color has-white-color">hhh</span></p>



<h3><span class="has-inline-color has-vivid-cyan-blue-color">Klinická logopedie Náchod s.r.o.</span></h3>



<p><strong>Mgr. et Mgr. Martina Křoustková, Mgr. Irena Klimková</strong></p>



<p> 420 491 421 890, 732 745 510, <a href="https://www.klinickalogopedie.cz/index.php?pg=verejnost--adresar-logopedickych-pracovist&amp;ceid=586">www.klinickalogopedie.cz</a></p>



<p><span class="has-inline-color has-white-color">hhh</span></p>



<h3><span class="has-inline-color has-vivid-cyan-blue-color">Klinická logopedie &#8211; Mgr. Kateřina Sobotková</span></h3>



<p>Vrchlabí</p>



<p>&nbsp;605 802 505</p>



<p><span class="has-inline-color has-white-color">hhh</span></p>



<h3><span class="has-inline-color has-vivid-cyan-blue-color">Ambulance klinické logopedie Vrchlabí</span></h3>



<p><strong>Mgr. Michaela Kučerová</strong></p>



<p> 603 727 404, www.logopedievrchlabi.cz</p>



<p><span class="has-inline-color has-white-color">hhh</span></p>



<h3><span class="has-inline-color has-vivid-cyan-blue-color">Klinická logopedie Dvůr Králové nad Labem</span></h3>



<p><strong>Mgr. Kateřina Daňková</strong></p>



<p> 731 905 509, <a href="https://www.klinickalogopediedvur.cz/">www.klinickalogopediedvur.cz</a></p>



<p><span class="has-inline-color has-white-color">hhh</span></p>



<h3><span class="has-inline-color has-vivid-cyan-blue-color">LOGOmedic s.r.o.</span></h3>



<p>Hradec Králové –&nbsp;&nbsp;608 987 600 – <strong>Mgr. Eva Kocábková</strong></p>



<p>Dobruška –&nbsp;&nbsp;607 713 482 – <strong>Mgr. Radka Stratílková</strong></p>



<p>Týniště nad Orlicí –&nbsp;&nbsp;721 340 336 – <strong>Mgr. Jiřina Jarošová</strong></p>



<p>Smiřice –&nbsp;&nbsp;608 987 600 – <strong>Mgr. Eva Kocábková</strong></p>



<p><a href="https://www.logomedic.cz/">www.logomedic.cz</a></p>



<p><span class="has-inline-color has-white-color">hhh</span></p>



<h3><span class="has-inline-color has-vivid-cyan-blue-color">Oblastní nemocnice Jičín &#8211; Logopedická ambulance</span></h3>



<p><strong>Mgr. Barbora Froňková</strong></p>



<p> 493 582 590, <a href="https://www.nemjc.cz/cs/logopedicka-ambulance">www.nemjc.cz</a></p>



<p><span class="has-inline-color has-white-color">hhh</span></p>



<h3><strong><span class="has-inline-color has-vivid-cyan-blue-color">Logoprim s.r.o.</span></strong></h3>



<p>Stěžery –&nbsp;&nbsp;721 083 796 – <strong>Mgr. Kateřina Lindová</strong></p>



<p>Broumov –&nbsp;&nbsp;608 295 933 – <strong>Mgr. Kristýna Koláčná</strong></p>



<p>Hradec Králové –&nbsp;&nbsp;608 001 419 –<strong> Mgr. Jana Skořepová</strong></p>



<p>Hradec Králové &#8211;&nbsp;&nbsp;602 626 202 – <strong>Mgr. Denisa Popelářová</strong></p>



<p><a href="https://www.klinickylogoped.eu/">www.klinickylogoped.eu</a></p>

<p>KLINLOGOS s.r.o. Mgr. Ivana Hanušová, Mgr. Šárka Mušáková, Mgr. Andrea Kitová Trutnov  499 859 763, www.poliklinikatrutnov.cz hhh Klinická logopedie Trutnov &hellip; </p>
